-4?
-2
Evaluate -2 - (10 + 0) - (-11 + -2 + 8).
-7
What is -1 + 18 + -26 - -24?
15
What is (3 - 4) + -18 + (135 - 122)?
-6
What is 5 - 0 - (11 - 11 - -10)?
-5
What is 6 + (-5 - 4) - (5 + -9 + -5)?
6
What is -6 - (-33 - (-17 + -9 + 16))?
17
-9 + 4 + -29 + 19
-15
What is the value of (-34 + 9 + 6 + -2 - -3) + -5?
-23
What is the value of -16 + -5 + 21 + 2 + -12?
-10
-29 - (-66 - (16 - 59))
-6
-2 + (-14 - -11 - -16) + -13
-2
What is 5 + -18 + (1 - -1)?
-11
-22 + 6 + 21 + -19
-14
38 - ((40 - 37) + 17)
18
Evaluate -1 - 12 - (302 + -317).
2
(-1 - -2) + 1 + -859 + 829
-28
What is 17 + (40 - (7 - -71))?
-21
Calculate -18 + 4 - ((8 - (9 + -9)) + -6).
-16
-14 - (27 + 40 + -91)
10
-6 + 1 + 10 + 0
5
-11 + (8 + -3 - 8 - 4) + -6
-24
What is -5 + (1 - -7) + 15 + -4?
14
What is the value of -1 - (-3 - (-8 + 7)) - (6 + 2)?
-7
Evaluate 6 - 12 - (-7 + -1) - -5.
7
What is 33 - (-1 + 1 + (-4 - -9) + 4)?
24
What is 56 - 74 - (-6 + (7 - 11))?
-8
Calculate -9 + (-1 - -5 - (0 - (0 + -4))).
-9
Calculate -111 + 93 - ((-3 - (7 + -1)) + 1).
-10
Calculate 12 - (14 + -8) - (-6 - -14) - -30.
28
What is 17 + 6 + -26 - (-9 + 19)?
-13
Calculate (4 - -4) + -26 - (8 - (-6 + 16)).
-16
6 + 3 + 1 - (-3 - 0)
13
2 - 53 - (69 - 84) - (-4 - 2)
-30
Calculate 10 + (14 - ((9 - 2) + 1)) + 0.
16
Calculate (4 - 14) + (-4 - 17) + 16.
-15
What is the value of 3 - -1 - (115 - 112)?
1
What is the value of (2 - -7) + (0 - 1) - (538 - 546)?
16
Calculate 4 - 11 - (-5 - (-4 - -4)).
-2
Evaluate 16 - (-16 + 6) - (-2 - -12).
16
What is the value of (-22 - 3) + -25 + 40 + -14?
-24
What is the value of 3 + 10 + (10 - -10)?
33
What is -6 - (-8 - (-14 + 5 + (8 - 1)))?
0
Calculate 9 - 0 - (-5 + 22 - 10).
2
Evaluate 14 - (18 + -23 + 56).
-37
Calculate 10 + (1 + -4 - 1) - (4 + 2).
0
What is 79 + -34 - 42 - (8 + 0)?
-5
Evaluate (30 - -1) + (-38 - 27).
-34
What is the value of 14 + (-10 - -12) - 9?
7
(0 - 1) + (-9 - (-8 + 3)) + 7
2
Evaluate (1 + 24 - 23) + -11.
-9
What is -16 + (11 - (1 + -13))?
7
Evaluate -5 + -8 - (-81 - -88).
-20
Evaluate 24 + -9 - (0 + 12 - -9).
-6
What is 7 + -18 + 4 + 4?
-3
Calculate -13 + (7 + (-10 - (3 + -5)) - 3).
-17
What is 3 + -1 + 21 + -9 + (-111 - -106)?
9
What is the value of -42 - (-11 + -6) - -19?
-6
Evaluate 10 + (14 - 14) + -22.
-12
Calculate 1 - (3 - -11 - -1) - 0.
-14
What is the value of 13 - 33 - (1 - (-3 + 6))?
-18
19 - (11 + -7) - 9 - 6
0
Evaluate 21 + -63 - (7 + -15 + -7 + 5).
-32
Calculate (-11 - -27) + (0 - 4) + 23 + -21.
14
Evaluate 37 + -2 + (-39 - -2).
-2
-51 + 48 - (-1 + -1 - (4 - 2))
1
What is the value of 21 + -20 + 1 + -1 + 11?
12
(-4 + (16 - 8) - 6) + 3
1
What is the value of -6 + 0 + (1 - 6) + 8 - 0?
-3
Calculate -74 - (-38 - (32 + -27)).
-31
Calculate -5 + 24 + -12 - -6.
13
What is the value of 1 + (-7 - -14) - (-2 - (3 - 19))?
-6
What is the value of -9 + 2 + 6 + 1 + -1 + 7?
6
25 + (36 - 23) - 20
18
Calculate (-5 - 0) + 24 + 24 + -43.
0
What is (2 - 5) + (-432 - -402)?
-33
-86 + 93 - (-1 - -2) - (0 - -3)
3
11 - 8 - (-3 - -7 - -15)
-16
Calculate -17 - (-24 + 2 + 8).
-3
(61 - 67) + (-4 - -29)
19
-5 - ((12 - 18) + 14)
-13
Evaluate -4 - ((-30 - -35) + -4 + (2 - 36)).
29
What is the value of -38 + 8 + (-5 - -7) - (2 - 8)?
-22
What is (-58 - -55) + (3 - 12)?
-12
(-11 - -4) + 6 + (7 - -22)
28
Evaluate -1 - -6 - ((-25 - -63) + -17 + -11).
-5
Evaluate 3 - (9 + (-13 - -3)).
4
What is the value of (-5 - 0) + (7 + -8 + 11 - 4)?
1
Calculate -16 - (-13 - -6) - 5.
-14
What is 24 + -4 + -10 - 9?
1
Evaluate 3 + -2 - (73 + -64).
-8
Calculate -2 + 8 - (24 + 4 + -12).
-10
Calculate -8 + (9 - (12 + -12)).
1
Evaluate -5 + 8 + -3 + 14.
14
What is the value of (-29 - -23) + -16 + 10 + 15?
3
What is -11 - (0 + -7 - -7) - (-40 - 9)?
38
What is the value of -23 + (-21 - -55 - -2)?
13
What is -17 - 17 - -13 - -2?
-19
What is the value of (51 - (16 - -15)) + (-4 - 4)?
12
Evaluate (2 - -1) + (-28 - -28).
3
What is -1 - (-9 + -1 - (-131 + 106))?
-16
What is -10 + -2 + (-13 + 68 - 28)?
15
Evaluate 13 - ((-5 - 3) + -1 + 26).
-4
(-24 - (-14 + 27 + 0)) + 18
-19
Evaluate (9 - 5) + (-5 - 1) + 3.
1
What is (-1 - -2 - -5) + -1 + 20 + -27?
-2
Evaluate -1 + -2 - ((2 - -2) + 6).
-13
What is -11 + (-30 - 4) + (16 - -2)?
-27
What is -2 + (-5 - -7 - -1 - (-9 - 2))?
12
What is 13 + (6 - 17) + 4 + -28?
-22
Calculate -15 - -4 - (-16 - -21).
-16
What is the value of 10 + -15 + 6 + (0 - 3 - 8)?
-10
What is (-1 - 6) + 0 + 3 - 5?
-9
Evaluate -12 + 8 - ((-3 + -1 - -7) + 1).
-8
What is the value of -6 + 0 - (-31 - (-2 + -26))?
-3
12 - 2 - (5 - 2 - -9)
-2
Evaluate (-27 + -8 - -11) + 8.
-16
-1 - (2 - (1 + -2)) - (99 + -94)
-9
Calculate (-4 - (-20 - -8)) + (3 - 13).
-2
(13 - 7 - 15) + -25
-34
(-60 - -11) + 57 - (4 - (-1 + 0))
3
Calculate -32 - ((17 - 90) + 5).
36
What is 14 + -8 + (-19 - -23) + -11?
-1
(-30 - -36) + -1 + 5
10
1 + (0 - (-3 - -8))
-4
What is (-3 + 2 - -4) + -11 - (1 - 12)?
3
0 + -6 - (185 + -188)
-3
Evaluate -13 + 0 - (0 - (22 + -14)).
-5
Calculate (-4 - -21) + (17 - 23).
11
Calculate 8 - (7 + 28) - (-9 - 0).
-18
Calculate 116 + -115 - (-3 - -9).
-5
-14 - (-3 + -11 + 14)
-14
What is the value of (-37 - -52) + (-3 - (7 + -3)) + 10?
18
Calculate (1 + 1 + -1 - 2) + -18 + 7.
-12
Evaluate 908 + -914 + (3 - (1 - 8)).
4
Calculate (-3 + 17 - (41 + -47)) + (-5 - -1).
16
Calculate -11 + 12 + -22 + 7.
-14
Calculate (4 + 4 - 31) + 39.
16
Evaluate -20 - (-19 - 4) - 34.
-31
-11 + 42 + -16 - 6
9
Evaluate (11 - 5 - 18) + 7.
-5
What is the value of (-46 - -78) + -30 + 0 + -10?
-8
Calculate -3 + 12 + (-10 - -5) - -2.
6
Evaluate (10 - 4) + 26 + -49.
-17
Evaluate 1 + 0 - (-207 - -209).
-1
What is 0 + -23 + 17 + -9 + 12?
-3
What is the value of 0 + 6 - -2 - 8 - (-7 + -7)?
14
Evaluate 12 - (2 - -6 - -13).
-9
Evaluate (17 - 12) + 19 - 10.
14
What is -2 - (24 - (-2 - -12 - (-3 + 5)))?
-18
What is 5 - (-14 - (-3 + -4 + 0))?
12
Calculate -27 + 32 + (9 - 63) + 6 + 5.
-38
What is -7 - (0 + (-5 - (13 + 4 + -7)))?
8
-9 - (-1 - 3) - 6 - -18
7
What is the value of 17 + -8 + (14 - 13)?
10
What is -23 - (16 - 0 - 39)?
0
What is the value of 0 + -2 - (-1 + 0 + (-39 - -40))?
-2
What is the value of 0 + -1 - (0 - -8 - (199 - 183))?
7
-31 - (-3 + -26) - -28
26
What is the value of -2 + 2 + -5 + -25 + 10 + 31?
11
What is the value of 0 - (173 + -175 - (1 + -1))?
2
Evaluate -6 + 7 + 2 + 1.
4
What is the value of 1 - 14 - (-9 - -8 - -7 - 13)?
-6
(1 - (-7 + 18)) + 1 + 28
19
Evaluate -1 + -21 + 76 + -67.
-13
What is the value of 18 + -11 + 0 + -14 + -12?
-19
What is the value of -11 + -15 + (16 - -5)?
-5
Evaluate -8 - (-4 + 4 + -4 - (-6 + 1)).
-9
104 - 93 - (-1 - (3 + -4))
11
42 - (49 - 22) - -2
17
What is 179 + -170 - (-1 + (18 - -1)) - -34?
25
What is the value of 1 - (0 + 0 + 6 + -5) - -8?
8
Evaluate -113 + 110 + (2 - 2 - 7).
-10
-14 + 4 + (5 - -3) - (0 + 27)
-29
20 + -40 + 2 + -6
-24
Calculate 21 + (8 - (11 - 6 - 4)).
28
Calculate 7 - ((-9 - -3) + 4 - -9) - 7.
-7
What is 1 - 0 - (4 - 0) - (1228 - 1235)?
4
What is 29 - (0 + 17 + -5)?
17
Calculate 28 + -22 + 0 + -7 + -3 - 0.
-4
What is (-8 + 0 - -5) + 10 - 4?
3
Calculate -262 + 260 + -1 + 1 + 7.
5
-10 + -1 - (-22 - (5 - -11))
27
Calculate -36 + (-38 - -44) + -3.
-33
4 - (6 - ((-5 - -4) + 9 + -7))
-1
What is the value of (-14 - (7 + -17)) + -3?
-7
What is the value of 13 + (-58 - -23) + 37?
15
Calculate (14 - -9) + -29 + 21.
15
What is -19 + 2 + (6 - 1)?
-12
What is (-15 - 2) + 7 - -7?
-3
Evaluate 10 + 18 + (-18 - 7 - 2).
1
(7 - 7) + 8 + -20 - -3
-9
What is -2 - (-54 + 19) - 24?
9
What is the value of -6 + 6 + (-2 - 3) + 11?
6
Calculate 34 + -19 + 12 + -26.
1
Calculate -147 + 153 + 3 + 10.
19
Evaluate -4 + (11 + -18 + (12 - 2) - -3).
2
-8 + (-4 - (-27 - -6)) + 0
9
Calculate 3 - 8 - (18 - (-5 + 17 - 3)).
-14
Calculate (-3 + (0 - (0 - 9)) - 14) + 4.
-4
-4 + -20 + (-19 - 8) + 18
-33
Evaluate -5 + -4 + 1 - 2.
-10
Evaluate (0 - 16) + (-18 - -22) - (14 + -25).
-1
Evaluate 0 + 7 - (13 + -15 - -11 - -4).
-6
Calculate 3 + (-6 - (5 + -19)) - 7.
4
What is the value of 5 - (5 + -11 - (0 + 4 + -25))?
-10
What is the value of (5 - 11) + 12 - (4 - -14)?
-12
What is the value of -11 - (-10 + (9 - (-13 - 7)))?
-30
Evaluate 15 + -20 + 25 + -29.
-9
What is the value of -75 + 115 + (-1 - 1 - 6) - 7?
25
Evaluate (-5 + -2 - -1) + 16 + 8.
18
Calculate 2 - -2 - (-1 - -3 - -2).
0
-7 + (-5 - (-2 - 5)) + 5
0
Ev